e prime factors of 54334737.
3, 17, 19, 18691
What are the prime factors of 315326245?
5, 13, 4851173
What are the prime factors of 63302493?
3, 43, 557, 881
List the prime factors of 459337356.
2, 3, 12759371
List the prime factors of 158757192.
2, 3, 11, 109, 613
What are the prime factors of 526297943?
31, 16977353
List the prime factors of 332345783.
7, 11, 616597
What are the prime factors of 54485974?
2, 1381, 19727
What are the prime factors of 160899766?
2, 23, 937, 3733
What are the prime factors of 1285051210?
2, 5, 128505121
What are the prime factors of 47125869?
3, 7, 149, 15061
List the prime factors of 4365705.
3, 5, 59, 4933
What are the prime factors of 3271093574?
2, 7, 7823, 29867
List the prime factors of 3300235033.
59, 79, 708053
What are the prime factors of 32126042?
2, 13, 41, 30137
List the prime factors of 20690318.
2, 11, 940469
List the prime factors of 128755010.
2, 5, 191, 67411
List the prime factors of 17327537.
47, 317, 1163
What are the prime factors of 9155877?
3, 17, 179527
List the prime factors of 35122563.
3, 7, 73, 1091
What are the prime factors of 2865821795?
5, 823, 696433
List the prime factors of 46202432.
2, 53, 257
What are the prime factors of 59255335?
5, 11851067
What are the prime factors of 98919554?
2, 3313, 14929
List the prime factors of 33335694.
2, 3, 7, 23, 11503
What are the prime factors of 361311485?
5, 23, 293, 10723
What are the prime factors of 71435924?
2, 7, 52067
What are the prime factors of 82287142?
2, 7, 653, 9001
What are the prime factors of 92797992?
2, 3, 7, 101, 1823
What are the prime factors of 71168612?
2, 37, 43, 53, 211
List the prime factors of 153755973.
3, 7, 17, 20509
What are the prime factors of 263567083?
13, 20274391
What are the prime factors of 3555513872?
2, 137, 1622041
List the prime factors of 55990312.
2, 7, 139, 7193
List the prime factors of 121275521.
121275521
What are the prime factors of 84451406?
2, 13, 3248131
List the prime factors of 1196103602.
2, 401, 1491401
What are the prime factors of 52138398?
2, 3, 13, 199, 3359
What are the prime factors of 10602846?
2, 3, 41, 4789
What are the prime factors of 1275773254?
2, 7, 91126661
List the prime factors of 963609499.
83, 11609753
What are the prime factors of 86577498?
2, 3, 7, 17, 499
What are the prime factors of 52134119?
19, 2743901
List the prime factors of 1247165259.
3, 415721753
What are the prime factors of 709001214?
2, 3, 101, 701, 1669
What are the prime factors of 152345428?
2, 37, 1029361
What are the prime factors of 253893137?
253893137
What are the prime factors of 4011209215?
5, 13, 3533, 17467
List the prime factors of 5828362.
2, 29, 317
List the prime factors of 43254904.
2, 7, 11, 23, 43, 71
What are the prime factors of 702106312?
2, 87763289
What are the prime factors of 157270109?
137, 563, 2039
List the prime factors of 2020722160.
2, 5, 131, 192817
What are the prime factors of 59078838?
2, 3, 7, 13, 108203
What are the prime factors of 453079297?
11, 839, 4463
What are the prime factors of 7214341100?
2, 5, 72143411
List the prime factors of 1149800.
2, 5, 5749
List the prime factors of 202582680.
2, 3, 5, 1688189
What are the prime factors of 414811457?
414811457
What are the prime factors of 327096781?
11, 29736071
What are the prime factors of 1756505?
5, 351301
What are the prime factors of 54777858?
2, 3, 23, 277, 1433
List the prime factors of 115485979.
7, 1193, 13829
List the prime factors of 929882537.
107, 113, 76907
List the prime factors of 319696179.
3, 11, 2161, 4483
What are the prime factors of 400510858?
2, 11, 43, 67, 71, 89
List the prime factors of 123219056.
2, 7701191
List the prime factors of 1205821005.
3, 5, 8933, 8999
List the prime factors of 43892501.
47, 933883
List the prime factors of 1222121927.
13, 1907, 49297
List the prime factors of 6535703402.
2, 31, 105414571
What are the prime factors of 51496905?
3, 5, 3433127
What are the prime factors of 111238576?
2, 37, 41, 4583
List the prime factors of 75579341.
75579341
What are the prime factors of 206131873?
206131873
What are the prime factors of 2841484000?
2, 5, 710371
What are the prime factors of 58706878?
2, 2591, 11329
List the prime factors of 94442624.
2, 191, 3863
List the prime factors of 283107011.
11, 19, 503, 2693
List the prime factors of 178115382.
2, 3, 179, 18427
List the prime factors of 10432548.
2, 3, 7, 41399
List the prime factors of 1500087966.
2, 3, 13, 37, 61, 8521
List the prime factors of 393583719.
3, 31, 521, 8123
What are the prime factors of 550501918?
2, 23, 11967433
List the prime factors of 27839605.
5, 2281, 2441
List the prime factors of 3113484929.
59, 52770931
List the prime factors of 30374118.
2, 3, 1687451
List the prime factors of 402869539.
17099, 23561
List the prime factors of 828407872.
2, 12943873
What are the prime factors of 3141970199?
2521, 1246319
What are the prime factors of 557406934?
2, 7, 47, 263, 3221
List the prime factors of 185015884.
2, 1559, 29669
What are the prime factors of 42323044?
2, 53, 199637
List the prime factors of 97638399.
3, 617, 5861
List the prime factors of 24453540.
2, 3, 5, 73, 1861
List the prime factors of 69052253.
69052253
List the prime factors of 258602464.
2, 19, 425333
List the prime factors of 81853425.
3, 5, 19, 41, 467
List the prime factors of 440085893.
13, 3761, 9001
What are the prime factors of 219926223?
3, 11, 457, 4861
List the prime factors of 14272001.
43, 331907
List the prime factors of 1158520092.
2, 3, 96543341
List the prime factors of 107842860.
2, 3, 5, 19, 23, 457
List the prime factors of 255597627.
3, 79, 1078471
List the prime factors of 75497369.
31, 47, 51817
List the prime factors of 402553277.
7, 1039, 7907
What are the prime factors of 75765214?
2, 7, 5411801
What are the prime factors of 177170744?
2, 19, 29, 40193
What are the prime factors of 190449899?
190449899
What are the prime factors of 354284967?
3, 29, 1579, 2579
What are the prime factors of 3183268?
2, 11, 6577
List the prime factors of 23797621.
89, 267389
List the prime factors of 138204819.
3, 5118697
What are the prime factors of 47224111?
11, 4293101
List the prime factors of 520902137.
7, 23, 89, 36353
What are the prime factors of 2780148936?
2, 3, 73, 887, 1789
List the prime factors of 265756845.
3, 5, 227, 78049
List the prime factors of 39007459.
39007459
List the prime factors of 1041810487.
1041810487
List the prime factors of 42064270.
2, 5, 4206427
List the prime factors of 234253331.
13, 163, 227, 487
List the prime factors of 427382002.
2, 479, 523, 853
List the prime factors of 20729674.
2, 7, 1480691
List the prime factors of 11219791.
11, 23, 61, 727
What are the prime factors of 406201012?
2, 7, 463, 31333
List the prime factors of 2732218104.
2, 3, 7, 11, 17, 86969
What are the prime factors of 6100710462?
2, 3, 7, 11, 4401667
What are the prime factors of 1059610334?
2, 137, 3867191
List the prime factors of 537777712.
2, 33611107
What are the prime factors of 47063982?
2, 3, 7, 41, 151, 181
What are the prime factors of 966120205?
5, 193224041
What are the prime factors of 4886885098?
2, 2443442549
What are the prime factors of 68295997?
7, 11, 43, 20627
List the prime factors of 817894350.
2, 3, 5, 7, 13, 19973
List the prime factors of 2660195521.
227, 11718923
What are the prime factors of 356529576?
2, 3, 13, 17, 67219
List the prime factors of 412092400.
2, 5, 971, 1061
What are the prime factors of 29625122?
2, 67, 221083
What are the prime factors of 130103323?
7, 18586189
List the prime factors of 99533584.
2, 6220849
List the prime factors of 1282398726.
2, 3, 7, 30533303
List the prime factors of 16411004.
2, 1621, 2531
What are the prime factors of 18953765?
5, 3790753
List the prime factors of 38572987.
29, 1330103
List the prime factors of 32614193.
47, 67, 10357
List the prime factors of 65307206.
2, 101, 271, 1193
List the prime factors of 318717204.
2, 3, 13, 43, 47513
What are the prime factors of 2253517022?
2, 61, 193, 95707
List the prime factors of 2669032036.
2, 11, 89, 61961
What are the prime factors of 1407584530?
2, 5, 11, 17, 41, 1669
What are the prime factors of 14127548?
2, 3531887
List the prime factors of 98580329.
139, 709211
What are the 